3*w**2 - 4*w + w. Give i(z).
-3
Let h be -6*(4 + (-42)/12). Let l(f) = -2*f**3 - 3*f**2 + 3*f - 4. What is l(h)?
14
Let a(y) = -13 + 11 + 0*y + 4 - 4*y - 4*y. Calculate a(-4).
34
Suppose j = -3*a + 6, -9 + 3 = -3*j - 3*a. Suppose 156 = 5*z + 11. Suppose j = 4*p - 5 + z. Let t(y) = -y**2 - 5*y + 1. Give t(p).
-5
Let m(i) be the second derivative of -i**4/6 + 7*i**3/6 + 5*i**2/2 - 6*i - 10. What is m(6)?
-25
Let z(t) = -1502*t + 2*t**2 + 3012*t - 2 - 4*t**2 - 1507*t + t**2. Let u = 9 - 5. Determine z(u).
-6
Suppose 0 = 5*s + 2*t - t - 23, t = 3*s - 9. Let h = 13 - 10. Let w(c) = c - c**2 + c**h + s*c**3 + c**3 - 4*c**3. What is w(1)?
2
Suppose 0 = -w + 5, 3*w - 25 = -4*i - 2*w. Suppose -2*c + 5*v = i, 4*c - 4*v - 11 = 1. Let q(z) = -z + 2. Give q(c).
-3
Let i(z) = -3*z - 2. Let c = 58 - 20. Let t = -22 + c. Suppose 3*s - t = 7*s. Determine i(s).
10
Let c(f) be the first derivative of -3*f**2/2 + 8*f - 13. Let b be c(6). Let h(d) = d**3 + 10*d**2 - d - 4. Calculate h(b).
6
Suppose -4 = 74*d - 72*d. Let s be (-2 - d)/(5 - 3). Let z(o) = o - 10. Calculate z(s).
-10
Let d(l) be the second derivative of 0 - 17*l + 5/6*l**3 - l**2. Determine d(2).
8
Suppose m + 8 - 13 = 0. Let r(j) = 3*j + 2*j**2 + 3 + 1 - 1 + j**3 - 5*j**2. Let u(k) = 2*k**3 - 5*k**2 + 7*k + 7. Let d(i) = 5*r(i) - 2*u(i). Determine d(m).
6
Suppose 2*d + 64 = -14*d. Let h(c) = -c - 9. What is h(d)?
-5
Let i(w) = -2*w**2 + w**2 + 34 + 0*w**3 - 3*w - w**3 - 35. Calculate i(-2).
9
Suppose 7*b - 2*b = 20. Let q(p) = -b*p**2 - 37*p**3 + 2 + 6*p + 18*p**3 + 18*p**3. What is q(-5)?
-3
Let s(z) be the first derivative of -7 - 6*z + 1/2*z**2. Let r = -5 - -12. Give s(r).
1
Let i(r) = -5*r - 4. Suppose 4*q - 3*z + 3 = -10, -5*q - 15 = -5*z. Determine i(q).
16
Let a = 100 + -98. Let z(g) = -101*g**2 + g**3 + 51*g**2 + 6*g + 1 + 44*g**a. Give z(5).
6
Let f(q) = 2*q + 10. Let k = -336 - -326. What is f(k)?
-10
Let q = -59 - -59. Suppose q = -3*l - 3, -8*k - 5*l = -5*k + 8. Let s(f) = 14*f**3 - f**2 - f - 1. What is s(k)?
-15
Let u be 25/5 - (2 + 0). Suppose -6 - 9 = u*r. Let a(g) = 4*g - 12 + 10 - 4 - 12*g - g**2. Give a(r).
9
Let b(y) = 31*y**3 + 52*y**2 + 19*y - 1. Let c(q) = 10*q**3 + 15*q**2 + 6*q. Let l(h) = 2*b(h) - 7*c(h). Calculate l(-1).
9
Let c = 561 + -561. Let l(g) = -g**2 - 5*g + 2. Let t be l(-5). Let w(k) = 5 + k**3 - k**2 + 3*k - 4*k - t*k**3. Give w(c).
5
Let m(q) be the third derivative of -5*q**4/24 - 19*q**3/3 - 48*q**2 - 2*q. Determine m(-6).
-8
Let v(x) be the second derivative of -5*x**3/6 + x**2 + 2*x. Let y = -3 - 64. Let p = y - -70. What is v(p)?
-13
Let t be 3 + 2/(-3 - 5/(-2)). Let o(d) = d**3 + 5*d**2 + 2*d - 4. Let a be o(-4). Let v(s) = -s - 2*s + 2*s**3 + a*s. Give v(t).
-3
Let a(r) = 7*r - 211. Let m be a(30). Let s(f) = -f**3 + 3 + 0*f**2 - 4 + 3*f**3 + f**2. What is s(m)?
-2
Let u be (-234)/(-351)*30/(-4). Let v(m) = -m**2 - 7*m - 4. Calculate v(u).
6
Let y(l) = 6*l**2 + 3*l + 2. Let i be y(-2). Let s = 23 - i. Let b be 1*((-30)/s - -4). Let v(x) = x**2 + 6*x - 6. What is v(b)?
-6
Suppose 19*a = 15*a + 96. Suppose 5*t + 31 = 3*n, -8*t + 4*t - a = -2*n. Let u(f) = -6*f - 1. Calculate u(n).
-13
Let s(x) = x**3 + 8*x**2 - 10*x - 5. Let r = -18 + 9. Let a be s(r). Let o(w) = w - 4. What is o(a)?
0
Let k be ((-8)/(-3) + -2)/((-2)/21). Let p(w) = 5*w - 16. Let f(v) = 2*v - 6 - 2 + 0. Let a(g) = k*f(g) + 3*p(g). Give a(-4).
4
Let c(r) be the first derivative of r**7/840 - r**6/360 - r**5/30 - r**4/24 - 4*r**3 - 2. Let x(t) be the third derivative of c(t). What is x(3)?
5
Let r = 787 - 785. Let d(n) be the second derivative of -2*n**3/3 + n**2/2 - 2*n. Determine d(r).
-7
Let l be (-2 - -2 - 0)/(-2). Let z be (-1)/2*(-21 + 19). Let t be z - 4/(-16)*l. Let g(o) = -8*o**2. What is g(t)?
-8
Suppose -35*g = -36*g + 2. Let l(v) = v + 5*v**3 - 3*v**3 - 2*v**2 - v**3 + 2 + 0*v**g. Calculate l(2).
4
Let t(p) = -4*p**2 + p - 3 + 5 - p - p**3 - p. Let m(f) = f - 6. Let o be m(9). Let k = -1 - o. Determine t(k).
6
Let w(h) = h**3 + 10*h**2 - 16*h**2 - 64*h + 74*h - 18. Determine w(5).
7
Let m(i) = 8*i**2 + 20*i + 20. Let r(s) = 3*s**2 + 7*s + 7. Suppose 2 = -4*v + 46. Let w(g) = v*r(g) - 4*m(g). Calculate w(3).
-3
Let j(z) = 7*z**2 + 6*z - 3. Let f(d) be the third derivative of 2*d**5/15 + d**4/4 - 2*d**3/3 - 23*d**2. Let w(m) = -6*f(m) + 7*j(m). Calculate w(-5).
-2
Let a(g) = g. Let u(j) = j**3 + 2*j**2 - 3*j - 3. Let i be (-4)/6*(-30)/(-4). Let v = -8 - i. Let w be u(v). Determine a(w).
-3
Let h(r) = 294*r + 14. Let t(k) = -104*k - 5. Let y(o) = 6*h(o) + 17*t(o). Suppose 4*v - 7*s + 2*s - 13 = 0, -2*v - 1 = 5*s. Calculate y(v).
-9
Let c = 8 - 4. Suppose 10*y = 12*y - 20. Let u(d) = y*d + 18*d + 15*d + 5 - 40*d - d**2. Give u(c).
1
Let b(f) be the second derivative of -f**5/20 + f**4/12 + f**3/6 - f**2/2 - 27*f. Let w(v) = -3*v**3 + 11*v**2 + 4*v - 7. Let d(r) = -4*b(r) + w(r). Give d(-7).
-3
Let u(l) = -3*l + 8. Suppose -504*t = -498*t - 24. Calculate u(t).
-4
Let b(y) = y**3 - 4*y**2 + 3*y - 5. Let w(m) = 2*m + 9. Let v be w(0). Let t(x) = -3*x + x + 3 - v. Let n be t(-5). What is b(n)?
7
Let p(r) = 3*r**3 - 2*r**2 + 3*r. Let j(u) = 125*u + 377. Let b be j(-3). Calculate p(b).
22
Let p(t) = t**2 - t. Let w(l) = -5*l**2 - 18*l - 14. Let d(i) = -3*p(i) - w(i). Let o be d(-10). Let z(u) = 2*u - 6. What is z(o)?
2
Let r(w) = w**2 - w - 4. Suppose -3*s - 16 = -3*k + 2*k, 5*s = -k - 24. Let p be -1*3 - (k - (4 + 3)). Determine r(p).
2
Let h(u) = -u**2 + u - 16. Let z = -41 + 41. Suppose j - 2*r + 6 = z, 0*r - 2*r + 6 = 2*j. Calculate h(j).
-16
Let z(v) be the third derivative of 5*v**4/24 - v**3/3 + v**2 - 6. Let j = -4 - -1. What is z(j)?
-17
Let a(v) = 5*v**2 - 9*v + 7. Let p(n) = -4*n**2 + 8*n - 7. Let t(b) = 3*a(b) + 4*p(b). Suppose 3*s = -3, -2*w - 4 - 10 = 4*s. Let j = 0 - w. Give t(j).
-7
Let z(j) = j**3 + 5*j**2 + 5*j + 2. Suppose 2*h = 4*x + 3*h - 12, 4*x + 8 = 4*h. Let l be 1/(x/(-6) - 0). Determine z(l).
5
Let t(s) be the third derivative of -s**4/12 - 25*s**3/6 - s**2 - 393*s. Determine t(-16).
7
Let f(u) = u**3 + 5*u**2 + 4*u + 4. Let t = 14 - 28. Let y = t - -11. Give f(y).
10
Let f(a) = a**3 + 9*a**2 + 9*a - 3. Let z be -1*2/2*-6. Let k be 2*(-3 + (-28)/(-12))*z. Determine f(k).
-11
Suppose -a = -0*a - 2. Let u be a + (-9)/2 + (-1)/(-2). Let m(l) = 2*l**2 + 4*l + 2. Determine m(u).
2
Suppose -m - m = 0. Let i be 2 + 0 - m - -5. Suppose i*s = s. Let u(k) = -k**3 + k**2 + 6. Give u(s).
6
Let q(z) = -11*z**2 + z - 13. Let p(k) = 2*k**2 + k. Let h(w) = 6*p(w) + q(w). What is h(-8)?
-5
Let y = -2 - -9. Let i(c) = -c**3 + 12*c**2 + 11*c + 12. Let v(u) = -3*u**3 + 34*u**2 + 31*u + 35. Let g(p) = -8*i(p) + 3*v(p). Give g(y).
-5
Let c = -4 - -9. Let i(g) = -g**2 - 3 - c*g + 2*g + 0*g. Let k = -624 + 622. Give i(k).
-1
Suppose -2*r + 13 - 1 = 0. Let c(w) be the second derivative of w**4/12 - 4*w**3/3 + 29*w**2/2 + 25*w. Let n(l) be the first derivative of c(l). Determine n(r).
4
Let h(z) = -14*z. Let f(a) = a**2 + 4 - 3*a**2 + 2*a**2 - a**2. Let c(w) = -2*w**2 + w + 7. Let b(j) = -3*c(j) + 5*f(j). Let m be b(3). Calculate h(m).
14
Let g(q) = 12*q + 15. Let a(w) = 14*w + 16. Let i(o) = 5*a(o) - 6*g(o). Calculate i(-8).
6
Let h(v) = 6*v + 6*v**2 - v**3 + 2 - 2*v + 14. Calculate h(7).
-5
Let o(u) be the third derivative of 0*u - 2*u**2 - 1/3*u**3 - 1/120*u**6 + 3/8*u**4 + 0 + 7/60*u**5. Calculate o(8).
6
Let j(t) be the first derivative of t**3/3 - 2*t**2 - t + 197. Give j(3).
-4
Let a(p) = 3*p**2 - 65*p + 33. Let b be a(21). Let h(z) = -z - 7. Give h(b).
2
Let w(l) = l**3 + 2*l**2 - 2. Let c(g) = 3*g**3 + 5*g**2 + g - 21. Let y(k) = c(k) - 4*w(k). Give y(-4).
-1
Let m be 90/(-21) - 4/(-14). Let w(o) = 2*o**2 - 6*o + 2. Let z(j) = j**2 - 5*j + 2. Let r(c) = m*w(c) + 5*z(c). Determine r(-2).
-8
Suppose -4*z + n - 39 = 0, -4*z + 3*z + 3*n = -4. Let s(a) = a + 13. What is s(z)?
2
Let h(p) = -15*p + 1. Let w(n) = -3*n**2 + 6*n + 10. Let k be w(3). Calculate h(k).
-14
Suppose 8 = -u - 3*u. Let k be 6*(3/1)/(-6). Let x be u/k + 140/(-30). Let b(p) = -p**3 - 3*p**2 + 3*p - 2. Give b(x).
2
Let v(o) = 5*o**2 - 4*o - 7. Suppose 0 = 3*h - 14 + 17. Let s(b) = -b**2 + b + 1. Let m(f) = h*v(f) - 6*s(f). Suppose -4*r + 2 = -2*r. What is m(r)?
0
Let s(m) = 2*m**2 - 6*m - 3*m**2 + 3*m. Suppose 